{"id":60,"date":"2020-09-26T22:50:37","date_gmt":"2020-09-26T22:50:37","guid":{"rendered":"https:\/\/new.autoservice-doering.de\/?page_id=60"},"modified":"2020-09-26T22:52:45","modified_gmt":"2020-09-26T22:52:45","slug":"datenschutz","status":"publish","type":"page","link":"https:\/\/autoservice-doering.de\/index.php\/datenschutz\/","title":{"rendered":"Datenschutz"},"content":{"rendered":"\n<p>Datenschutzerkl\u00e4rung<\/p>\n\n\n\n<p>Sehr geehrte Damen und Herren,<\/p>\n\n\n\n<p>Ihre Daten sind uns wichtig \u2013 der Datenschutz noch wichtiger. Bei Fragen zum Datenschutz k\u00f6nnen Sie sich daher jederzeit an die verantwortliche Stelle bei uns im Hause wenden.<\/p>\n\n\n\n<p>Verantwortliche Stelle im Sinne der Datenschutzgesetze ist:<\/p>\n\n\n\n<p>Autoservice-Doering<br>Stefan Doering<br>Am Kiesborn 2<br>56235 Ransbach-Baumbach<\/p>\n\n\n\n<p>Erfassung allgemeiner Informationen<\/p>\n\n\n\n<p>Erstmal herzlich Willkommen zu unsere Datenschutz-Erkl\u00e4rung. Sie bewegen sich gerade auf unsere Webseite. Hierbei werden automatisch Informationen allgemeiner Natur erfasst, die wir in unseren Server-Logfiles speichern. Diese beinhalten etwa die Art des Webbrowsers, das verwendete Betriebssystem, den Domainnamen Ihres Internet Service Providers und \u00c4hnliches. Diese Informationen bieten uns keine R\u00fcckschl\u00fcsse auf Ihre Person. Diese Informationen sind technisch notwendig, um von Ihnen angeforderte Inhalte von Webseiten korrekt auszuliefern und fallen bei Nutzung des Internets zwingend an. Anonyme Informationen dieser Art werden von uns statistisch ausgewertet, um unseren Internetauftritt und die dahinterstehende Technik zu optimieren und Ihnen ein weiterhin gutes Angebot liefern zu k\u00f6nnen.<\/p>\n\n\n\n<p>Cookies<\/p>\n\n\n\n<p>Wir verwenden auf unsere Seite Cookies. Verwechseln Sie Cookies nicht mit den kleinen Backwaren \u2013 Cookies sind bei uns kleine Textdateien, die von unserem Webseitenserver auf Ihre Festplatte \u00fcbertragen werden. Hierdurch erhalten wir automatisch bestimmte Daten wie z. B. IP-Adresse, verwendeter Browser, Betriebssystem \u00fcber Ihren Computer und Ihre Verbindung zum Internet.<\/p>\n\n\n\n<p>Wichtig f\u00fcr Sie &#8211; Cookies k\u00f6nnen nicht verwendet werden, um Programme zu starten oder Viren auf einen Computer zu \u00fcbertragen. Anhand der in Cookies enthaltenen Informationen k\u00f6nnen wir Ihnen die Navigation erleichtern und die korrekte Anzeige unserer Webseiten erm\u00f6glichen. Sie sind in bestimmten Situationen sogar technisch notwendig.<\/p>\n\n\n\n<p>In keinem Fall werden die von uns erfassten Cookie-Daten an Dritte weitergegeben oder ohne Ihre Einwilligung eine Verkn\u00fcpfung mit personenbezogenen Daten hergestellt.<\/p>\n\n\n\n<p>Unsere Webseite k\u00f6nnen Sie auch ohne die Verwendung von Cookies besuchen. Ihren Internet-Browser sollten Sie so einstellen k\u00f6nnen, dass sie Cookies akzeptieren. Sie k\u00f6nnen die Verwendung von Cookies jederzeit \u00fcber die Einstellungen Ihres Browsers deaktivieren. Pr\u00fcfen Sie jedoch vor der Verwendung der Cookies-Sperre die m\u00f6glichen Auswirkungen. Nutzen Sie hierzu die Hilfefunktionen Ihres Internetbrowsers, um zu erfahren, wie Sie diese Einstellungen \u00e4ndern k\u00f6nnen. Bitte beachten Sie, dass einzelne Funktionen technisch notwendig sind und unserer Website m\u00f6glicherweise nicht funktionieren, wenn Sie die Verwendung von Cookies deaktiviert haben.<\/p>\n\n\n\n<p>SSL-Verschl\u00fcsselung<\/p>\n\n\n\n<p>Um die Sicherheit Ihrer Daten bei der \u00dcbertragung zu sch\u00fctzen, verwenden wir dem aktuellen Stand der Technik entsprechende Verschl\u00fcsselungsverfahren (z. B. SSL) \u00fcber HTTPS. Sie k\u00f6nnen unsere Seite auch ohne HTTPS besuchen. Wir empfehlen Ihnen aber jederzeit die Verwendung der SSL Verschl\u00fcsselung.<\/p>\n\n\n\n<p>Kontaktformular<\/p>\n\n\n\n<p>Wir haben f\u00fcr Sie auf unsere Seite ein Kontaktformular hinterlegt. Treten Sie per E-Mail oder Kontaktformular mit uns in Kontakt, werden die von Ihnen gemachten Angaben zum Zwecke der Bearbeitung der Anfrage sowie f\u00fcr m\u00f6gliche Anschlussfragen gespeichert. Diese Speicherung erfolgt den gesetzlichen Vorgaben.<\/p>\n\n\n\n<p>L\u00f6schung bzw. Sperrung der Daten<\/p>\n\n\n\n<p>Die gesetzlichen Vorgaben schreibt eine Datenvermeidung und Datensparsamkeit vor. Wir halten uns an diese Grunds\u00e4tze der Datenvermeidung und Datensparsamkeit. Wir speichern Ihre personenbezogenen Daten daher nur so lange, wie dies zur Erreichung der hier genannten Zwecke erforderlich ist oder wie es die vom Gesetzgeber vorgesehenen Speicherfristen vorsehen, die vielf\u00e4ltige Fristen vorsehen. Nach Fortfall des jeweiligen Zweckes bzw. Ablauf dieser Fristen werden die entsprechenden Daten routinem\u00e4\u00dfig und entsprechend den gesetzlichen Vorschriften gesperrt oder gel\u00f6scht. Weitere Informationen k\u00f6nnen Sie hier der aktuellen Fassung der EUDSG entnehmen.<\/p>\n\n\n\n<p>Verwendung von Google Analytics<\/p>\n\n\n\n<p>Diese Webseite benutzt Google Analytics, einen Webanalysedienst der Google Inc. (folgend: Google). Google Analytics verwendet sog. \u201eCookies\u201c, also Textdateien, die auf Ihrem Computer gespeichert werden und die eine Analyse der Benutzung der Webseite durch Sie erm\u00f6glichen. Die durch das Cookie erzeugten Informationen \u00fcber Ihre Benutzung dieser Webseite werden in der Regel an einen Server von Google in den USA \u00fcbertragen und dort gespeichert. Aufgrund der Aktivierung der IP-Anonymisierung auf diesen Webseiten, wird Ihre IP-Adresse von Google jedoch innerhalb von Mitgliedstaaten der Europ\u00e4ischen Union oder in anderen Vertragsstaaten des Abkommens \u00fcber den Europ\u00e4ischen Wirtschaftsraum zuvor gek\u00fcrzt. Nur in Ausnahmef\u00e4llen wird die volle IP-Adresse an einen Server von Google in den USA \u00fcbertragen und dort gek\u00fcrzt. Im Auftrag des Betreibers dieser Webseite wird Google diese Informationen benutzen, um Ihre Nutzung der Webseite auszuwerten, um Reports \u00fcber die Webseitenaktivit\u00e4ten zusammenzustellen und um weitere mit der Webseitennutzung und der Internetnutzung verbundene Dienstleistungen gegen\u00fcber dem Webseitenbetreiber zu erbringen. Die im Rahmen von Google Analytics von Ihrem Browser \u00fcbermittelte IP-Adresse wird nicht mit anderen Daten von Google zusammengef\u00fchrt.<\/p>\n\n\n\n<p>Sie k\u00f6nnen die Speicherung der Cookies durch eine Einstellung Ihrer Browser-Software verhindern; wir weisen Sie jedoch darauf hin, dass Sie in diesem Fall gegebenenfalls nicht s\u00e4mtliche Funktionen unserer Webseite vollumf\u00e4nglich nutzen k\u00f6nnen. Sie k\u00f6nnen die Erfassung der durch die Cookies erzeugten und auf Ihre Nutzung der Webseite bezogenen Daten) an Google sowie die Verarbeitung dieser Daten durch Google verhindern, indem sie das unter dem folgenden Link verf\u00fcgbare Browser-Plugin herunterladen und installieren: Browser-Add-on zur Deaktivierung von Google Analytics.<\/p>\n\n\n\n<p>Zus\u00e4tzlich zum Browser-Add-On k\u00f6nnen Sie das Tracking durch Google Analytics auf unseren Seiten unterbinden, indem Sie diesen Link anklicken. Dabei wird ein Opt-Out-Cookie auf Ihrem Ger\u00e4t installiert. Damit wird die Erfassung durch Google Analytics f\u00fcr diese Website und f\u00fcr diesen Browser zuk\u00fcnftig verhindert, so lange das Cookie in Ihrem Browser installiert bleibt.<\/p>\n\n\n\n<p>Verwendung von Google Maps<\/p>\n\n\n\n<p>Wir verwenden f\u00fcr unsere Seite die Google Maps API, um geographische Informationen visuell darzustellen. Bei der Nutzung von Google Maps werden von Google auch Daten \u00fcber die Nutzung der Kartenfunktionen durch Besucher erhoben, verarbeitet und genutzt. N\u00e4here Informationen \u00fcber die Datenverarbeitung durch Google k\u00f6nnen Sie den Google-Datenschutzhinweisen entnehmen. Dort k\u00f6nnen Sie im Datenschutzcenter auch Ihre pers\u00f6nlichen Datenschutz-Einstellungen ver\u00e4ndern.<\/p>\n\n\n\n<p>Ihre pers\u00f6nliche Rechte auf Auskunft, Berichtigung, Sperre, L\u00f6schung und Widerspruch<\/p>\n\n\n\n<p>Sie haben das pers\u00f6nliche Recht, jederzeit Auskunft \u00fcber Ihre bei uns gespeicherten personenbezogenen Daten zu erhalten. Genauso haben Sie das Recht auf Berichtigung, Sperrung oder L\u00f6schung Ihrer personenbezogenen Daten, abgesehen von der vorgeschriebenen Datenspeicherung zur Gesch\u00e4ftsabwicklung und anderen gesetzlichen Vorhaltefristen. Bitte wenden Sie sich dazu an unseren Datenschutzbeauftragten bzw. die Verantwortliche Stelle bei uns im Unternehmen. Die Kontaktdaten finden Sie ganz unten oder ganz oben.<\/p>\n\n\n\n<p>Damit eine Sperre von Daten jederzeit ber\u00fccksichtigt werden kann, m\u00fcssen diese Daten zu Kontrollzwecken in einer Sperrdatei vorgehalten werden. Sie k\u00f6nnen auch die L\u00f6schung der Daten verlangen, soweit keine gesetzliche Archivierungsverpflichtung besteht. Soweit eine solche Verpflichtung besteht, sperren wir Ihre Daten auf Wunsch.<\/p>\n\n\n\n<p>Sie k\u00f6nnen \u00c4nderungen oder den Widerruf einer Einwilligung durch entsprechende Mitteilung an uns mit Wirkung f\u00fcr die Zukunft vornehmen.<\/p>\n\n\n\n<p>Erbringung unsere kostenpflichtiger Leistungen und Produkte<\/p>\n\n\n\n<p>Zur Erbringung kostenpflichtiger Leistungen werden von uns zus\u00e4tzliche Daten erfragt, wie z.B. Zahlungsangaben, Lieferadressen sowie der bestellten Artikel. Diese Daten halten wir den gesetzlichen Vorschriften gespeichert bis zum Ablauf der Vorhaltefristen.<\/p>\n\n\n\n<p>\u00c4nderung unserer Datenschutzbestimmungen<\/p>\n\n\n\n<p>Wir behalten uns vor, diese Datenschutzerkl\u00e4rung gelegentlich anzupassen, damit sie stets den aktuellen rechtlichen Anforderungen entspricht oder um \u00c4nderungen unserer Leistungen in der Datenschutzerkl\u00e4rung umzusetzen, z. B. bei der Einf\u00fchrung neuer Services. F\u00fcr Ihren erneuten Besuch gilt dann die neue Datenschutzerkl\u00e4rung.<\/p>\n","protected":false},"excerpt":{"rendered":"<p>Datenschutzerkl\u00e4rung Sehr geehrte Damen und Herren, Ihre Daten sind uns wichtig \u2013 der Datenschutz noch wichtiger. Bei Fragen zum Datenschutz k\u00f6nnen Sie sich daher jederzeit an die verantwortliche Stelle bei uns im Hause wenden. Verantwortliche Stelle im Sinne der Datenschutzgesetze&#8230; <a class=\"di-continue-reading\" href=\"https:\/\/autoservice-doering.de\/index.php\/datenschutz\/\"> Continue Reading&#8230;<\/a><\/p>\n","protected":false},"author":1,"featured_media":0,"parent":0,"menu_order":0,"comment_status":"closed","ping_status":"closed","template":"","meta":{"footnotes":""},"class_list":["post-60","page","type-page","status-publish","hentry"],"_links":{"self":[{"href":"https:\/\/autoservice-doering.de\/index.php\/wp-json\/wp\/v2\/pages\/60","targetHints":{"allow":["GET"]}}],"collection":[{"href":"https:\/\/autoservice-doering.de\/index.php\/wp-json\/wp\/v2\/pages"}],"about":[{"href":"https:\/\/autoservice-doering.de\/index.php\/wp-json\/wp\/v2\/types\/page"}],"author":[{"embeddable":true,"href":"https:\/\/autoservice-doering.de\/index.php\/wp-json\/wp\/v2\/users\/1"}],"replies":[{"embeddable":true,"href":"https:\/\/autoservice-doering.de\/index.php\/wp-json\/wp\/v2\/comments?post=60"}],"version-history":[{"count":2,"href":"https:\/\/autoservice-doering.de\/index.php\/wp-json\/wp\/v2\/pages\/60\/revisions"}],"predecessor-version":[{"id":63,"href":"https:\/\/autoservice-doering.de\/index.php\/wp-json\/wp\/v2\/pages\/60\/revisions\/63"}],"wp:attachment":[{"href":"https:\/\/autoservice-doering.de\/index.php\/wp-json\/wp\/v2\/media?parent=60"}],"curies":[{"name":"wp","href":"https:\/\/api.w.org\/{rel}","templated":true}]}}